s divided by 191.
190
What is the remainder when 29325 is divided by 29247?
78
Calculate the remainder when 115973 is divided by 28.
25
What is the remainder when 11843 is divided by 2496?
1859
Calculate the remainder when 887419 is divided by 167.
148
What is the remainder when 36029 is divided by 350?
329
What is the remainder when 262419 is divided by 262407?
12
Calculate the remainder when 49139 is divided by 126.
125
Calculate the remainder when 166678 is divided by 13886.
46
What is the remainder when 1916 is divided by 69?
53
Calculate the remainder when 28237 is divided by 6888.
685
Calculate the remainder when 38957 is divided by 205.
7
What is the remainder when 2389 is divided by 31?
2
Calculate the remainder when 108050 is divided by 140.
110
Calculate the remainder when 513826 is divided by 71.
70
Calculate the remainder when 25324 is divided by 2527.
54
Calculate the remainder when 201375 is divided by 134.
107
What is the remainder when 3388 is divided by 634?
218
What is the remainder when 88369 is divided by 1921?
3
What is the remainder when 783405 is divided by 19?
16
Calculate the remainder when 55330 is divided by 21.
16
What is the remainder when 1275 is divided by 143?
131
What is the remainder when 470 is divided by 9?
2
Calculate the remainder when 73232 is divided by 416.
16
What is the remainder when 1174 is divided by 639?
535
Calculate the remainder when 1241 is divided by 430.
381
Calculate the remainder when 4434 is divided by 777.
549
What is the remainder when 881594 is divided by 165?
164
Calculate the remainder when 6225 is divided by 89.
84
What is the remainder when 111857 is divided by 618?
617
What is the remainder when 12546 is divided by 115?
11
Calculate the remainder when 2225 is divided by 319.
311
Calculate the remainder when 1530 is divided by 67.
56
Calculate the remainder when 8867 is divided by 586.
77
What is the remainder when 96874 is divided by 96?
10
What is the remainder when 724562 is divided by 279?
278
Calculate the remainder when 62357 is divided by 31172.
13
What is the remainder when 6457 is divided by 1551?
253
Calculate the remainder when 3116 is divided by 290.
216
Calculate the remainder when 17183 is divided by 358.
357
Calculate the remainder when 3424379 is divided by 12.
11
Calculate the remainder when 8930 is divided by 683.
51
What is the remainder when 56435 is divided by 158?
29
Calculate the remainder when 4767 is divided by 164.
11
What is the remainder when 31949 is divided by 7983?
17
What is the remainder when 760078 is divided by 15?
13
Calculate the remainder when 5217 is divided by 102.
15
Calculate the remainder when 288734 is divided by 19248.
14
Calculate the remainder when 4866 is divided by 942.
156
What is the remainder when 4968 is divided by 10?
8
Calculate the remainder when 174521 is divided by 1479.
1478
Calculate the remainder when 1762 is divided by 539.
145
Calculate the remainder when 96040 is divided by 96038.
2
Calculate the remainder when 9435 is divided by 205.
5
Calculate the remainder when 50749 is divided by 416.
413
Calculate the remainder when 6521 is divided by 385.
361
What is the remainder when 2814 is divided by 196?
70
Calculate the remainder when 15542 is divided by 140.
2
Calculate the remainder when 32052 is divided by 1334.
36
Calculate the remainder when 242664 is divided by 62.
58
Calculate the remainder when 15698 is divided by 2608.
50
What is the remainder when 1089774 is divided by 16?
14
What is the remainder when 128699 is divided by 42898?
5
Calculate the remainder when 2374 is divided by 238.
232
Calculate the remainder when 55110 is divided by 72.
30
Calculate the remainder when 4590 is divided by 458.
10
Calculate the remainder when 1236 is divided by 417.
402
Calculate the remainder when 55963 is divided by 27973.
17
Calculate the remainder when 8948 is divided by 3.
2
Calculate the remainder when 16863 is divided by 8415.
33
Calculate the remainder when 3440 is divided by 569.
26
Calculate the remainder when 207863 is divided by 24.
23
What is the remainder when 87 is divided by 18?
15
Calculate the remainder when 1988 is divided by 1984.
4
Calculate the remainder when 4892 is divided by 4878.
14
What is the remainder when 5591 is divided by 130?
1
Calculate the remainder when 4129 is divided by 1024.
33
Calculate the remainder when 6036 is divided by 20.
16
What is the remainder when 36025 is divided by 11994?
43
Calculate the remainder when 290144 is divided by 117.
101
Calculate the remainder when 12059 is divided by 127.
121
What is the remainder when 5617 is divided by 342?
145
Calculate the remainder when 15742 is divided by 50.
42
Calculate the remainder when 504468 is divided by 33.
30
What is the remainder when 1512 is divided by 494?
30
What is the remainder when 24285 is divided by 272?
77
Calculate the remainder when 17038 is divided by 55.
43
Calculate the remainder when 95689 is divided by 94.
91
Calculate the remainder when 10525 is divided by 146.
13
Calculate the remainder when 145472 is divided by 228.
8
Calculate the remainder when 54387 is divided by 555.
552
What is the remainder when 6265 is divided by 184?
9
Calculate the remainder when 29748 is divided by 1982.
18
Calculate the remainder when 11358 is divided by 757.
3
What is the remainder when 18054 is divided by 51?
0
Calculate the remainder when 80693 is divided by 593.
45
What is the remainder when 21481 is divided by 3580?
1
Calculate the remainder when 5530 is divided by 5514.
16
What is the remainder when 66028 is divided by 330?
28
What is the remainder when 230073 is divided by 76681?
30
Calculate the remainder when 136190 is divided by 56.
54
Calculate the remainder when 1048943 is divided by 30.
23
What is the remainder when 568 is divided by 234?
100
Calculate the remainder when 745 is divided by 156.
121
What is the remainder when 188059 is divided by 133?
130
Calculate the remainder when 190827 is divided by 63597.
36
Calculate the remainder when 7433871 is divided by 246.
243
Calculate the remainder when 16248 is divided by 811.
28
What is the remainder when 1669 is divided by 711?
247
Calculate the remainder when 54127 is divided by 27057.
13
What is the remainder when 3254 is divided by 38?
24
What is the remainder when 9848 is divided by 49?
48
Calculate the remainder when 26297 is divided by 6567.
29
Calculate the remainder when 2329 is divided by 2298.
31
Calculate the remainder when 76939 is divided by 146.
143
Calculate the remainder when 146266 is divided by 377.
367
Calculate the remainder when 11200 is divided by 229.
208
Calculate the remainder when 3112 is divided by 491.
166
Calculate the remainder when 396 is divided by 97.
8
Calculate the remainder when 1668826 is divided by 47.
44
Calculate the remainder when 80020 is divided by 38.
30
What is the remainder when 14054 is divided by 43?
36
Calculate the remainder when 1577 is divided by 217.
58
What is the remainder when 327067 is divided by 111?
61
What is the remainder when 143335 is divided by 28660?
35
What is the remainder when 11994 is divided by 2981?
70
Calculate the remainder when 264281 is divided by 102.
101
Calculate the remainder when 41203 is divided by 15.
13
Calculate the remainder when 14111 is divided by 63.
62
Calculate the remainder when 8594 is divided by 252.
26
What is the remainder when 28116 is divided by 639?
0
Calculate the remainder when 300449 is divided by 170.
59
Calculate the remainder when 277660 is divided by 36.
28
Calculate the remainder when 275237 is divided by 280.
277
Calculate the remainder when 19625 is divided by 19338.
287
What is the remainder when 4835 is divided by 146?
17
Calculate the remainder when 13390 is divided by 150.
40
Calculate the remainder when 659773 is divided by 463.
461
Calculate the remainder when 542285 is divided by 94.
93
What is the remainder when 2915 is divided by 417?
413
Calculate the remainder when 310497 is divided by 108.
105
Calculate the remainder when 256756 is divided by 10.
6
What is the remainder when 2901 is divided by 661?
257
Calculate the remainder when 691920 is divided by 7953.
9
What is the remainder when 622124 is divided by 9?
8
What is the remainder when 2154 is divide